32 = -4*d - 5*p. What is the units digit of d?
8
Suppose -3*m - 120 = -6*m. Let x = m - 11. What is the units digit of x?
9
Suppose 2*g = a + 4, -3*a + 2*a = -g + 3. Let v be (-2)/(a*(-2)/(-8)). Suppose 3*q + v*k = 11, -3*q + 5*q = -k + 9. What is the units digit of q?
5
Let o be 3/(-12) - 1/(-4). Suppose o = -h + 4*b - 0*b + 23, -5*b + 65 = 5*h. What is the tens digit of h?
1
Suppose u + 30 - 106 = 0. What is the units digit of u?
6
Let u(t) = 10*t**2 + t + 2. Let i be u(3). Suppose -3*k - i = -248. What is the tens digit of k?
5
What is the tens digit of (-2)/(18/(-291)) + 10/(-30)?
3
Let q = 2 - 3. What is the units digit of (0 - (-2 - q))/1?
1
Let t = -122 - -174. What is the tens digit of t?
5
Let j(l) = -l**3 + 7*l**2 - 6*l. Suppose -18 = -0*f - 3*f. Let w be j(f). What is the units digit of ((2 - w)*-2)/(-2)?
2
Let m = -32 + 5. Suppose k = -3*i - 34, 0 = -0*k + 4*k - 5*i + 51. Let l = k - m. What is the units digit of l?
8
Let y(r) be the third derivative of r**6/24 - r**5/30 - r**4/12 + r**3/6 - 2*r**2. What is the units digit of y(2)?
9
Let w = 56 + -28. What is the tens digit of w?
2
Suppose -50 - 105 = -5*u. What is the units digit of u?
1
Let l(r) = -22*r**3 + 2*r**2 + 2*r + 1. Let a be l(-1). Suppose 21 = d - a. What is the tens digit of d?
4
Let r(z) = -2*z - 10. Let g be r(-7). Suppose 0 = 2*p + 3*c + 2*c - 72, g*p + 4*c = 120. What is the tens digit of p?
2
Suppose -2*x + 3*x = 3. Suppose x = 3*s - 4*w + 4, s - 3*w = -7. Suppose -5*h + 13 = r, -h - s*r + 9 = -8. What is the units digit of h?
2
Let b = 385 + -87. What is the units digit of b?
8
Suppose -3*d + 2*i - 838 = -5*d, -2*d + 842 = 3*i. What is the tens digit of d?
1
Suppose -4*b - 4*k = -1072, 564 = 4*b - 2*b - 5*k. What is the tens digit of b?
7
Let g(x) = x**3 + 9*x**2 + 2*x - 3. Suppose 3*n + 15 = -0*n. Let r(y) = y**3 + 10*y**2 + 3*y - 3. Let i(o) = n*r(o) + 6*g(o). What is the units digit of i(-3)?
5
Suppose 22*h = 8*h + 1694. What is the units digit of h?
1
Let a = 8 - 4. Suppose -a*d = -5*v + 25 + 18, v + 2*d - 17 = 0. What is the units digit of v?
1
Let a = 11 - 3. What is the units digit of 0 + a + -1 + 0?
7
Let m(l) = -l + 2. Let b be m(-2). Suppose 8*a - b*a = 84. What is the tens digit of a?
2
Suppose -4*j + 2*w - 18 = 20, 0 = j + 5*w + 4. What is the tens digit of (-88)/j + (-16)/(-72)?
1
Let z(n) = 3*n**2 + 7*n - 5. What is the units digit of z(-6)?
1
Let l(o) = -o**2 + 8*o + 6. What is the units digit of l(8)?
6
Let h(r) = r + 14. Let i be h(-5). Let c = i + 0. What is the units digit of c?
9
Let s(x) = 3*x - 3. Let z be s(6). Let q = z + -6. What is the units digit of q?
9
Let k(j) = -5*j**2 + 3*j + 5. Let q(x) = x**2. Let l(v) = k(v) + 4*q(v). Let z be l(4). What is the tens digit of (-2)/(z + 1)*-12?
1
Suppose 4*w - 662 = -3*c, -336 = -2*w + c - 5*c. What is the units digit of w?
4
What is the units digit of -12*1*(-4)/6?
8
Suppose -5*o - 48 - 152 = 0. What is the units digit of ((-4)/(-5))/((-4)/o)?
8
Let f = -9 - -14. Let h be 14/4 + 3/(-6). Suppose 2 = f*j - h. What is the units digit of j?
1
Let g(i) = -i**3 + 2*i**2 + i. Let a be g(-1). What is the tens digit of (-297)/(-15) - a/(-10)?
2
Let y(r) = 60*r**2 - 2*r - 2. What is the tens digit of y(-1)?
6
Let d(x) be the third derivative of -2*x**6/15 - x**5/60 - x**4/24 - 4*x**2. What is the tens digit of d(-1)?
1
Let t be (-2)/15 - 14/(-105). Suppose t = -p + 4*p - 21. What is the units digit of p?
7
Suppose 5*f - 20 = -2*h + 116, 3*h = 5*f - 121. Suppose -2*o + o = -f. What is the units digit of o?
6
Suppose 8*y = 18 + 118. What is the tens digit of y?
1
Let s(y) be the second derivative of -y**3/2 - 2*y**2 - 2*y. Let w = -7 + 1. What is the units digit of s(w)?
4
Suppose 2*g - 1 + 7 = 2*d, 0 = g - 5*d + 23. Suppose g*v = -v + 72. What is the units digit of v?
4
Let z(n) = 2*n - 5. Let a be z(0). Let l = a + 9. What is the units digit of l?
4
Let i = -2 - -1. Suppose 15 = 3*g + 42. Let t = i - g. What is the units digit of t?
8
Suppose -3*z = -5*g + 2*g - 24, 3*z + 5*g = 0. Suppose -z*j + 2*t = -0*t - 105, j - 21 = 3*t. What is the units digit of j?
1
Let x = 61 + -36. Suppose -r = 3*z - 30, -3*z + 5 + x = -5*r. What is the tens digit of z?
1
Let z = 8 - 5. Suppose z*f = -9 - 0. What is the units digit of 2*(0 - f/3)?
2
Suppose -5*j - 17 = -72. What is the units digit of j?
1
Suppose 2*m + 7 = -3*t, 3*m + 3*t = -0 - 3. Let b = m + 1. Suppose -b*f + 31 - 8 = 4*p, -3*p - 2*f + 12 = 0. What is the units digit of p?
2
Let k(t) = -2*t**2 - 4*t**3 + 4*t**2 + 3*t**3 - t. Let d be k(1). Suppose d = -2*y - 4 + 6. What is the units digit of y?
1
Let n = -94 - -96. What is the units digit of n?
2
Let j(i) be the first derivative of -i**5/20 + i**4/4 + 5*i**3/6 - i**2/2 - 2*i - 3. Let q(h) be the first derivative of j(h). What is the units digit of q(4)?
3
Suppose 0 = -j + 3 + 2. Suppose 0 = -4*v + j*l + 44, 6*l = 3*v + 2*l - 32. What is the tens digit of v?
1
Suppose -3*r = -2*t + 38, 46 = -2*t + 4*t - r. What is the units digit of 32/5 - 10/t?
6
Suppose 5*o + 2*j - 4 = 0, -3*o - 3*j - 8 = -7*j. Let s = o + 1. Let w = s + 0. What is the units digit of w?
1
Suppose 0 = -3*j - 2*j + 115. What is the units digit of j?
3
What is the units digit of 44/8 + 2/4?
6
Suppose 3*o + 14 = f, -5*f - 6 = o - 28. Let u(d) = -3*d**2 - 16*d + 19. Let m(a) = a**2 + 8*a - 9. Let r(t) = f*m(t) + 2*u(t). What is the units digit of r(6)?
5
Suppose 1265 = 8*l - 63. What is the units digit of l?
6
Let b = 12 - -25. Let p = b + -12. What is the units digit of p?
5
Let d(q) = -q**3 + 4*q**2 + 5. Let v be d(4). Let r(s) = -s**2 + 5*s + 1. What is the units digit of r(v)?
1
Let f = 24 + -13. Suppose 2*u - f = -5*x + 15, 2*x = 3*u - 1. What is the units digit of x?
4
Suppose -2*s = -5*s. Suppose s = 2*w + 3*m + 4, -3*m - 2 - 4 = 0. What is the units digit of -24*1/(-2 - w)?
8
Let k(r) = -r**3 - 2*r**2 + 3. What is the units digit of k(0)?
3
Suppose 2*d = -3*d + 5*n - 520, 4*d - 2*n = -416. Let i = 147 + d. What is the tens digit of i?
4
Let j(b) = 2*b - 12. Let c be j(8). Suppose 52 = c*z - 4. What is the units digit of z?
4
Let s = 14 + -10. Suppose 4*v = -3*u + 27, 9*v - u = s*v + 10. What is the units digit of v?
3
Let p(i) = i**2 + 7*i + 1. Let a be p(-6). Let b = 9 + a. Suppose 3*c = -c + b. What is the units digit of c?
1
Let x(d) = -7*d**2 + 29*d + 33. Let w(c) = 11*c**2 - 44*c - 50. Let b(z) = 5*w(z) + 8*x(z). What is the units digit of b(13)?
1
Let u = -5 + 15. Let b = u + -6. Suppose d - b = 4. What is the units digit of d?
8
Suppose 2*z - 38 = -m, 3*m - 3*z = 81 - 3. What is the tens digit of m?
3
Let k be 14/2 - 1 - 2. Suppose k*y + 6 = 7*y. Suppose 2*v = a + v - 7, -y*v - 2 = 0. What is the units digit of a?
6
Let m = 10 + -8. Suppose m*f = -f + 6. Suppose -4*y + 14 = -f. What is the units digit of y?
4
Let v = 158 + -69. What is the units digit of v?
9
Suppose 4*y - 5*b = -89, b = -2*y - b - 40. What is the tens digit of (-246)/y + (-2)/(-7)?
1
Let z(s) = -s**3 + 7*s**2 - 7*s + 7. Let c be z(6). What is the units digit of c*(22 - 4/(-4))?
3
Let s(p) be the first derivative of 9*p**2 + p - 2. What is the units digit of s(1)?
9
Suppose -5 - 11 = g. Let u = g - -41. What is the units digit of u?
5
Let f(i) = i**2 + 10*i + 8. Let t be f(-4). Let c = 26 - t. What is the units digit of c?
2
Let q(n) = n**2 - 3*n. Let a(m) = 2*m**2 + 5*m - 2. Let g be a(-5). Suppose -u - 13 = -4*w, 0*u - g = -5*w - u. What is the units digit of q(w)?
4
Suppose j - 123 + 1166 = 3*c, 0 = 4*c - 3*j - 1399. What is the tens digit of c?
4
Let n = -50 + 63. What is the units digit of n?
3
Suppose -2*m + 11 + 9 = 0. Let n = m + -5. Suppose 0 = 5*i + 3*a - n, 0*i = -3*i - 3*a + 3. What is the units digit of i?
1
Let x = -14 + 59. What is the tens digit of x?
4
Let p(z) = -4*z**3 + 2*z - 1. Let f be p(-2). Suppose 5*w - 23 = f. Suppose 18 = 2*d + 5*y, -w = 2*y + 3*y. What is the tens digit of d?
1
Suppose 9*k = 50 + 436. What is the tens digit of k?
5
Let u be -2*(-2)/(-8)*-4. Let q be (-20)/(-6)*(-3)/u. Let z = 3 - q. What is the units digit of z?
8
Let n(v) = -v**2 - v - 7. Let o be n(0). Let u(g) = -g**3 - 8*g**2 - 8*g + 1. What is the units digit of u(o)?
8
Let f be 3 + 31 + -2 + 4. Let n = f + -17. What is the tens digit of n?
1
Let b = 27 + -25. 